{"id":532,"date":"2020-01-28T01:28:11","date_gmt":"2020-01-28T00:28:11","guid":{"rendered":"http:\/\/www.photosjcb.fr\/?page_id=532"},"modified":"2021-01-04T23:26:43","modified_gmt":"2021-01-04T22:26:43","slug":"tarifs-2","status":"publish","type":"page","link":"http:\/\/www.photosjcb.fr\/index.php\/tarifs-2\/","title":{"rendered":"Tarifs"},"content":{"rendered":"\n<p>Aucune photo brute ne sera livr\u00e9e, toutes les photos sont post trait\u00e9es. Pour toutes demandes particuli\u00e8res, contactez moi pour qu&rsquo;on en discute <\/p>\n\n\n\n\n<table id=\"tablepress-1\" class=\"tablepress tablepress-id-1\">\n<thead>\n<tr class=\"row-1 odd\">\n\t<th class=\"column-1\">Th\u00e8me<\/th><th class=\"column-2\">Dur\u00e9e<\/th><th class=\"column-3\">Nb de d\u00e9cors<\/th><th class=\"column-4\">Nb de photos<\/th><th class=\"column-5\">Prix<\/th>\n<\/tr>\n<\/thead>\n<tbody class=\"row-hover\">\n<tr class=\"row-2 even\">\n\t<td class=\"column-1\">B\u00e9b\u00e9<\/td><td class=\"column-2\">1 \u00e0 2 h<\/td><td class=\"column-3\">2 \u00e0 3 <\/td><td class=\"column-4\">15 photos<\/td><td class=\"column-5\">100\u20ac<\/td>\n<\/tr>\n<tr class=\"row-3 odd\">\n\t<td class=\"column-1\">Enfants<\/td><td class=\"column-2\">1 \u00e0 2 h<\/td><td class=\"column-3\">1 \u00e0 2<\/td><td class=\"column-4\">15 photos<\/td><td class=\"column-5\">75\u20ac<\/td>\n<\/tr>\n<tr class=\"row-4 even\">\n\t<td class=\"column-1\">Portraits<\/td><td class=\"column-2\">1h<\/td><td class=\"column-3\">1<\/td><td class=\"column-4\">15 photos<\/td><td class=\"column-5\">75\u20ac<\/td>\n<\/tr>\n<tr class=\"row-5 odd\">\n\t<td class=\"column-1\">InTheBox<\/td><td class=\"column-2\">1h<\/td><td class=\"column-3\">1<\/td><td class=\"column-4\">1 montage + les photos individuelles<\/td><td class=\"column-5\">75\u20ac<\/td>\n<\/tr>\n<\/tbody>\n<\/table>\n<!-- #tablepress-1 from cache -->\n\n\n\n<p>La premi\u00e8re s\u00e9lection m&rsquo;appartient, je ferai le tri en \u00e9liminant les photos que j&rsquo;estime inint\u00e9ressantes ou qui pr\u00e9sentent des soucis techniques (de nettet\u00e9 par exemple). <\/p>\n\n\n\n<p>Ensuite, je vous pr\u00e9sente ma s\u00e9lection des photos et nous affinons ensemble pour s\u00e9lectionner le nombre de photos inclues dans le forfait choisi. Toute photo suppl\u00e9mentaire sera factur\u00e9e \u00e0 5\u20ac <\/p>\n","protected":false},"excerpt":{"rendered":"<p>Aucune photo brute ne sera livr\u00e9e, toutes les photos sont post trait\u00e9es. Pour toutes demandes particuli\u00e8res, contactez moi pour qu&rsquo;on en discute La premi\u00e8re s\u00e9lection m&rsquo;appartient, je ferai le tri en \u00e9liminant les photos que j&rsquo;estime inint\u00e9ressantes ou qui pr\u00e9sentent des soucis techniques (de nettet\u00e9 par exemple). Ensuite, je vous pr\u00e9sente ma s\u00e9lection des photos et nous affinons ensemble pour s\u00e9lectionner le nombre de photos inclues dans le forfait choisi. Toute photo suppl\u00e9mentaire sera factur\u00e9e \u00e0 5\u20ac<\/p>\n","protected":false},"author":1,"featured_media":0,"parent":0,"menu_order":0,"comment_status":"closed","ping_status":"closed","template":"","meta":[],"_links":{"self":[{"href":"http:\/\/www.photosjcb.fr\/index.php\/wp-json\/wp\/v2\/pages\/532"}],"collection":[{"href":"http:\/\/www.photosjcb.fr\/index.php\/wp-json\/wp\/v2\/pages"}],"about":[{"href":"http:\/\/www.photosjcb.fr\/index.php\/wp-json\/wp\/v2\/types\/page"}],"author":[{"embeddable":true,"href":"http:\/\/www.photosjcb.fr\/index.php\/wp-json\/wp\/v2\/users\/1"}],"replies":[{"embeddable":true,"href":"http:\/\/www.photosjcb.fr\/index.php\/wp-json\/wp\/v2\/comments?post=532"}],"version-history":[{"count":5,"href":"http:\/\/www.photosjcb.fr\/index.php\/wp-json\/wp\/v2\/pages\/532\/revisions"}],"predecessor-version":[{"id":889,"href":"http:\/\/www.photosjcb.fr\/index.php\/wp-json\/wp\/v2\/pages\/532\/revisions\/889"}],"wp:attachment":[{"href":"http:\/\/www.photosjcb.fr\/index.php\/wp-json\/wp\/v2\/media?parent=532"}],"curies":[{"name":"wp","href":"https:\/\/api.w.org\/{rel}","templated":true}]}}